e 16
2e698
Convert -5425011 (base 6) to base 14.
-6d995
What is 5b287 (base 12) in base 15?
26704
Convert 310002333 (base 4) to base 5.
23310213
What is 600434 (base 8) in base 5?
22300032
What is -1061343 (base 7) in base 2?
-100000010111100000
What is -432109 (base 11) in base 7?
-5605225
-101212241 (base 5) to base 9
-700124
What is 15bbd (base 14) in base 2?
1101010010111011
-267890 (base 13) to base 7
-10624463
Convert 74526 (base 12) to base 8.
452356
What is -189811 (base 13) in base 2?
-10010111100101111000
Convert -4021565 (base 8) to base 16.
-102375
-c5970 (base 14) to base 13
-138bc7
156261 (base 11) to base 4
323031313
What is 3210213231 (base 4) in base 3?
1202120112120
-355c40 (base 15) to base 16
-26ec65
What is 36460550 (base 7) in base 14?
60b697
What is 929bb (base 13) in base 2?
1000000001111001110
What is 2200202320 (base 4) in base 3?
1020102001021
104123030 (base 5) to base 15
90a10
Convert -297b93 (base 12) to base 10.
-698079
Convert 12342001 (base 5) to base 12.
5a391
What is -100202121010 (base 3) in base 2?
-101110111010100010
What is 25225330 (base 8) in base 10?
5581528
5483 (base 9) to base 4
333030
105ba5 (base 16) to base 15
162992
Convert 14025500 (base 8) to base 15.
425535
What is 584c4 (base 14) in base 7?
1553534
1031102200 (base 4) to base 8
1152240
What is -110210122011 (base 3) in base 9?
-423564
Convert -201422432 (base 5) to base 2.
-11000101111111110000
Convert -43115450 (base 6) to base 7.
-13536510
-226302460 (base 7) to base 8
-65116547
Convert -10554502 (base 6) to base 4.
-1033223012
-6056361 (base 8) to base 13
-43b98a
What is 115155412 (base 6) in base 8?
10331100
What is -2021212221 (base 3) in base 7?
-245350
What is 3017646 (base 8) in base 10?
794534
What is -36a942 (base 16) in base 3?
-20201222221211
75002 (base 13) to base 15
4275e
-100011110101100110011 (base 2) to base 10
-1174323
-17743 (base 11) to base 8
-60424
100001111111011101 (base 2) to base 3
21001222122
Convert -231468 (base 15) to base 4.
-12120323312
What is 80394 (base 10) in base 8?
235012
What is 124214322 (base 5) in base 2?
10010110100110000101
Convert 2929a8 (base 14) to base 4.
11130310320
What is -7108c (base 14) in base 8?
-1022644
What is -11233003243 (base 5) in base 11?
-7240096
11534334 (base 9) to base 15
763d6d
Convert -2202113213 (base 4) to base 15.
-d20c8
What is -82946 (base 13) in base 5?
-30000321
Convert 5b5c (base 14) to base 10.
15958
What is -736550 (base 10) in base 12?
-2b62b2
What is 399210 (base 10) in base 6?
12320110
What is 37704 (base 9) in base 6?
313221
1010100101111000011111 (base 2) to base 10
2776607
What is -15664113 (base 7) in base 8?
-5651223
Convert -36731 (base 14) to base 7.
-1063061
What is -7476540 (base 9) in base 6?
-221515013
Convert -a03da (base 16) to base 3.
-1020100100010
What is 1206008 (base 10) in base 15?
18c508
Convert -1123223331 (base 4) to base 12.
-1613b9
2406051 (base 8) to base 5
132032343
Convert 154103134 (base 6) to base 9.
6140564
Convert 48b1 (base 16) to base 15.
57a9
Convert -15673270 (base 9) to base 2.
-11101111010101111110111
What is 1943c3 (base 13) in base 2?
10011011101101100100
What is 113017 (base 8) in base 10?
38415
1002020010121012 (base 3) to base 7
246011201
Convert 2362434 (base 10) to base 15.
319ea9
Convert 3671a (base 15) to base 8.
523235
What is -4342341441 (base 5) in base 11?
-52aa513
What is 82048 (base 12) in base 11?
106300
Convert -1545243 (base 7) to base 3.
-101211100210
11000011001110111110 (base 2) to base 16
c33be
What is -1010001010110101100 (base 2) in base 8?
-1212654
Convert 14bba4 (base 12) to base 16.
560ec
What is -101120100001 (base 3) in base 15?
-41974
What is -1b4940 (base 16) in base 8?
-6644500
Convert -1500240 (base 12) to base 8.
-20106520
What is 100100110110001000111000 (base 2) in base 3?
200011201120101
What is 4045533 (base 7) in base 12?
1b3060
-84657 (base 12) to base 2
-101010011010100011
Convert 2294 (base 11) to base 3.
11010101
-32122201301 (base 4) to base 5
-1431404143
What is -133551 (base 6) in base 15?
-3a9d
-510243 (base 6) to base 4
-21311103
What is dc3a4e (base 15) in base 10?
10491824
Convert -210220001 (base 3) to base 13.
-7357
Convert -121021002000211 (base 3) to base 16.
-83df0d
Convert 2cbb1 (base 13) to base 9.
140237
What is -2333414 (base 7) in base 4?
-1013310032
What is -cad814 (base 14) in base 15?
-90c1db
1404503254 (base 6) to base 14
2391710
What is 1583abb (base 12) in base 2?
10000110010111001101111
What is 3345137 (base 8) in base 11?
568024
Convert -20101202120 (base 4) to base 13.
-5ac32c
642641 (base 8) to base 3
101220010222
What is -22122120101 (base 3) in base 7?
-1306264
Convert -10104122412 (base 5) to base 14.
-1501a8a
1a71c6 (base 14) to base 13
26c74b
2601 (base 9) to base 10
1945
-53401553 (base 6) to base 2
-101111111100101101101
What is 2bb15a (base 12) in base 5?
142314412
Convert 2003402 (base 6) to base 4.
112332122
What is 1714a7 (base 14) in base 16?
c5dab
What is c736b (base 15) in base 10?
631901
-20120210000 (base 3) to base 13
-46cb3
451299 (base 12) to base 6
35333513
Convert -23a92 (base 16) to base 2.
-100011101010010010
Convert -2000233014 (base 5) to base 12.
-138959b
180121 (base 10) to base 6
3505521
Convert 422313 (base 8) to base 15.
2b961
What is -205523 (base 8) in base 16?
-10b53
-181813 (base 9) to base 4
-123210132
Convert -12670 (base 12) to base 13.
-b59b
What is -327e5 (base 15) in base 5?
-20113130
-4030323 (base 6) to base 15
-3b740
Convert 184509 (base 10) to base 16.
2d0bd
Convert -2044430203 (base 5) to base 2.
-10000011000101111111110
481bc (base 16) to base 3
120000011010
Convert -643b9 (base 12) to base 3.
-20200221020
Convert -525315 (base 6) to base 12.
-2083b
-24101023 (base 5) to base 9
-367481
-144a395 (base 11) to base 6
-125155002
What is 10780201 (base 9) in base 2?
10100000001011111000011
Convert 14321541 (base 6) to base 14.
cb8b3
What is 1610605 (base 7) in base 3?
102020102021
What is 5417146 (base 10) in base 7?
64021300
Convert -b4722 (base 16) to base 5.
-142122411
-b7888 (base 13) to base 16
-50d06
20228 (base 12) to base 5
2314132
22210221022 (base 3) to base 4
222112100
Convert -875714 (base 11) to base 12.
-575324
What is 22263424 (base 7) in base 10?
1931647
200122112122 (base 3) to base 12
158522
What is -210213310 (base 4) in base 16?
-249f4
Convert -145b49 (base 12) to base 7.
-2623152
100011011111100100010110 (base 2) to base 7
142041235
4a8a1 (base 14) to base 8
545035
41726 (base 9) to base 15
8279
Convert -542526 (base 8) to base 15.
-38c10
What is 243812 (base 9) in base 13?
51cc2
-3552666 (base 9) to base 16
-1d5d19
What is -543054 (base 7) in base 6?
-2010243
What is -7022416 (base 8) in base 13?
-4c7722
What is 110303010303 (base 4) in base 14?
a1cca7
What is -24540322 (base 6) in base 9?
-1434545
-12847a (base 13) to base 15
-8c598
Convert a7a08 (base 14) to base 7.
3305511
Convert -22011112222 (base 3) to base 16.
-27410
5243e (base 15) to base 3
111020210112
What is -49020 (base 10) in base 6?
-1014540
Convert 73762 (base 8) to base 16.
77f2
-3000024 (base 8) to base 2
-11000000000000010100
What is -3301211140 (base 5) in base 6?
-411105012
What is 111010000101000000000001 (base 2) in base 12?
5122801
Convert -10001001011101000011010 (base 2) to base 7.
-53166313
Convert -22230345 (base 6) to base 11.
-41a501
15182a8 (base 11) to base 5
1131234330
Convert -268108 (base 11) to base 8.
-1465565
1643a0 (base 16) to base 6
51135040
18672 (base 14) to base 6
1153220
What is -3ed31 (base 15) in base 10?
-202096
-23a2a2b (base 12) to base 16
-69c143
What is -38315a (base 16) in base 10?
-3682650
What is -1652b (base 12) in base 6?
-403255
3749dc (base 16) to base 5
1411422023
Convert 20113121202 (base 4) to base 7.
24432366
Convert -1101424412 (base 5) to base 7.
-26114334
What is -1a19934 (base 15) in base 2?
-1001000101111001000111001
Convert -6207525 (base 9) to base 7.
-40103531
What is -64885 (base 12) in base 3?
-20201212102
3252423 (base 7) to base 5
100240330
What is 1301444302 (base 5) in base 11?
1866335
Convert 323666 (base 13) to base 10.
1178690
What is 100200021000 (base 3) in base 11?
120104
4b93a (base 13) to base 3
21010000111
Convert 10ad9a (base 14) to base 2.
1000101010101